+ -26. Calculate x(j).
2
Let w(u) be the first derivative of -9*u**2/2 - 38. Give w(2).
-18
Let i(k) be the third derivative of k**4/8 + k**3/6 - 366*k**2. What is i(1)?
4
Suppose -5*d - 10 = -2*h - 1, h + 12 = -3*d. Let z(q) be the third derivative of q**6/120 + q**5/15 + q**4/6 - q**3/6 + q**2. Calculate z(d).
-4
Let l(o) be the first derivative of -1/4*o**4 + 0*o**3 + 0*o**2 - 2 + 0*o. Let f(q) = 5*q**3 + 4*q**2 + 1. Let h(a) = -f(a) - 6*l(a). Calculate h(4).
-1
Let c(z) = -2*z + 17. Let b be c(5). Let j(n) = -4*n**2 - 3 + 2 - 3 + 6 - n**3 + b*n. What is j(-5)?
-8
Let y(n) = n**2. Let c be y(2). Let b(q) = -4 - 3*q - 2*q + c*q + 5. Suppose 0*t = 3*t + 15. What is b(t)?
6
Let r = 9 + -15. Let m(a) = -a - 17. Let t(g) = 1. Let v(k) = r*t(k) - m(k). Suppose -u - 33 = 5*n + 3*u, -4*u + 2 = -2*n. Give v(n).
6
Let y(w) = -w**2 + 5*w + 2. Suppose 9*t = 4*t. Let h be ((-12)/10)/((-6)/20). Suppose t*k + 4*f = h*k - 16, f + 20 = 5*k. Determine y(k).
6
Let o(f) = 7*f - 4*f**2 - f**3 - 7 - 13*f - 5*f**2 + 17*f**2. Determine o(7).
0
Let b(i) = i**3 - i - 2. Let o(s) = -s**2 - 6*s - 7. Suppose -2*t - 3*u = t - 66, -5*t + 2*u = -131. Suppose 20 = -t*j + 21*j. Let n be o(j). What is b(n)?
-8
Let w(a) = -4*a**2 - 73 - 4*a + 3*a**2 + 79. Give w(-7).
-15
Suppose -3*l - 7 = 3*w - 25, -4*w + 30 = 5*l. Let f be (l/(-2))/(-6)*-2. Let m(x) = 4*x**2 - 4. Let o(s) = -s + 1. Let c(a) = f*m(a) - 2*o(a). What is c(2)?
-10
Let b(z) = 5*z - 67. Let m(n) = -n**2 - 30*n + 44. Let c be m(-31). Calculate b(c).
-2
Let r(m) = -17*m**3 - m. Suppose 10 = -o - 4*o. Suppose -2*j + n + 13 = 0, 0 = j - 9*n + 12*n + 11. Let k be 2/4*j/o. What is r(k)?
18
Let g be -16 - 20/15*-3. Let k be 2/4 + (-6)/g. Let r(q) = -6*q**2 + 2*q - 1. Determine r(k).
-5
Let c(q) = -q**2 - 3*q + 2. Suppose 0 = 9*h - 8 + 53. Determine c(h).
-8
Suppose 3*d + 10 - 43 = 0. Suppose -4*o + 10 = i - 3*i, 3*i + d = 5*o. Let h(n) = i*n + 19*n**2 - 28*n**2 - 2 + 11*n**2. Calculate h(2).
12
Suppose -2*k - 36 = -5*f + 2*k, 3*k + 12 = 0. Let n be -3 + 0*f/(-12). Let i(l) = l**2 + 3*l + 2. Calculate i(n).
2
Let i(d) = -d**3 + 5*d**2 - 4*d + 4. Let n be i(4). Let b(l) = -n*l**3 + l**3 + 4 + 2*l**2 - 5. Let v(c) = 14*c + 1. Let k be v(0). Determine b(k).
-2
Let f(l) = -l**3 - 6*l**2 - 3*l - 1. Let s(z) = -z**3 - 7*z**2 - 4*z - 1. Let c(j) = 2*f(j) - 3*s(j). Let y = 758 + -766. What is c(y)?
17
Suppose 0 = -a + 2 + 2. Let k(u) = 2 + a + 3*u - 3*u + u. Let b be k(-4). Let w(g) = g**2. What is w(b)?
4
Let g(i) = 5*i - 8. Let s = 55 - 51. Let t(y) = -11*y + 17. Let m(k) = s*t(k) + 9*g(k). Calculate m(0).
-4
Let l(m) = -3*m**2 - 3*m - 4. Let x(d) = -d**2 - 1. Let f(v) = l(v) - 2*x(v). What is f(-5)?
-12
Let z(q) = q**3 - 5*q**2 + 5. Suppose -3*i = u + 1 + 9, 0 = 5*u - 3*i - 40. What is z(u)?
5
Let g(r) = r**2 + 6*r + 5. Let k(d) = 2*d + 10. Let u be k(-7). Let x be 2*u*5/10. Give g(x).
-3
Let h(o) = 2*o + 1. Let p = -3 - 2. Let q(s) = -s + 6. Let v be q(4). Let u = p + v. Calculate h(u).
-5
Let u(m) = -4*m**2 + m - 1. Let y(f) = -27*f**2 + 9*f - 5. Let s(c) = -14*u(c) + 2*y(c). Calculate s(-5).
34
Let z be (2 + 6/15)/((-58)/145). Let h(x) = -4*x + x - 13 - 3*x. Let r(c) = -11*c - 25. Let w(l) = 7*h(l) - 4*r(l). Calculate w(z).
-3
Let a(z) = 10*z**3 - z**2 - z - 1. Let j = -25 - -38. Suppose -3*c + 4 = -2*t + 1, j = 2*c - 5*t. Calculate a(c).
-11
Let w(h) = h**2 + 1. Let b(y) = 2*y + 15. Let k be b(-8). Let c be (-3 + 5)*k*1. What is w(c)?
5
Suppose 3*b - 1 = -13. Let x(z) be the first derivative of z**3/3 + z**2 + 3*z + 15. What is x(b)?
11
Let b(v) = v**2 + 3*v - 2. Let w be b(2). Let m(g) = -g**3 + 4*g - 4 - 4*g + 4*g**2 + 0*g**2 + w*g. Calculate m(5).
11
Let q(r) = -r**3 + 8*r**2 + r + 8. Let z be q(8). Let s = z - 14. Let i(l) = -4*l - 1. Determine i(s).
-9
Let h(r) = -1 - 2 + r - 7 + 1. Let p be ((-60)/75)/((-1)/10). Give h(p).
-1
Suppose -2*y - 3 = 3. Let f(h) be the third derivative of -h**4/24 - 2*h**3/3 + 7*h**2. Give f(y).
-1
Let o(s) = -s**2 - 6*s + 1. Let m(f) = 8*f + 36. Let x be m(-4). Suppose -4*t + 2*t - 12 = 4*v, -2*t - 20 = -x*v. Determine o(t).
-15
Let x(q) = -q**3 + q**2 + 2*q + 3. Suppose 23 = -6*i + 7*i. Suppose -i = -2*y - 3*y + 2*c, y + 5*c = -17. Calculate x(y).
-9
Let i(q) be the second derivative of q**8/6720 + q**7/1260 - q**6/144 + q**5/120 + 13*q**4/4 - 15*q. Let c(u) be the third derivative of i(u). What is c(-4)?
-11
Let l be 7/14 + (-6)/(-4). Let a(x) = -4*x + 0*x + x - 3 + l*x. Suppose -5*g - 2*v = -22, 0 = -0*v + 2*v - 2. Give a(g).
-7
Let b(l) = l**2 - 5*l - 3. Suppose -1 = -4*d + 23. Suppose 4*o - 33 = 51. Let v be 70/o*d/5. Calculate b(v).
-7
Let k(f) = 3*f - 4. Let a(x) = x - 1. Suppose 9 = -2*c + 11. Let m(b) = c*k(b) - 4*a(b). Determine m(7).
-7
Let f(d) = -d - 6. Let i be (0 + -4)*(0 + -1). Suppose -2*k = i*o + 9 + 11, 2*k - 5*o + 2 = 0. Give f(k).
0
Let u(d) = -9*d. Let y(i) = -26*i. Suppose 5*l + 4*p - 42 = 0, -l + 4*p - 6 = -0*l. Let t(z) = l*y(z) - 17*u(z). Suppose 2*b = 3*b + 3. Calculate t(b).
9
Let d(u) = -14 + 8*u - 12*u**3 - 8*u**2 + 5 + 7*u**3 + 6*u**3. Let y be d(7). Let j(k) = 0 - 4*k + 1 + 2*k - 3. What is j(y)?
2
Let j(c) = c**3 + 3*c**2 + 1. Let g(z) = z**3 + 6*z**2 - 3*z - 21. Let i = -78 - -72. Let k be g(i). Calculate j(k).
1
Let s = 9 - 5. Let j(v) = s*v + 3 + 2*v - 5*v + 2*v. Calculate j(-5).
-12
Suppose 0 = 68*s - 87 - 117. Let b(z) be the second derivative of 1/3*z**s + z + 4*z**2 + 0. Give b(-6).
-4
Let j(b) = 0*b - 18 + 2*b + 0. Give j(9).
0
Let j be 0 + 2 + 12/(-4 + 7). Let t(w) = w**2 + 18 - 17 + j*w + 2*w. Give t(-6).
-11
Let h(w) be the first derivative of -w**3/3 - 7*w**2 + 13*w + 65. Calculate h(-15).
-2
Suppose 17*n - 2 = 16*n. Let m(x) be the first derivative of x**4/2 - x**3 + x**2 + x - 2. What is m(n)?
9
Let k(o) be the second derivative of -o**4/12 + o**3 + o**2 - 3*o + 19. Give k(5).
7
Let q(r) = -26*r**3 + 2*r - 3*r + 4*r**3 + 11*r**3. Give q(1).
-12
Let w(i) = 43*i + 18. Let h(b) = 39*b + 16. Let s(j) = 7*h(j) - 6*w(j). Give s(-2).
-26
Let n(w) be the third derivative of -w**6/360 + w**5/40 - w**4/12 - 2*w**3 - 4*w**2. Let j(c) be the first derivative of n(c). Calculate j(5).
-12
Let p(r) = 8*r - 49 + 18 + 9*r - 17 - 8*r. Determine p(5).
-3
Let j be 22/2 + (-8 - -5 - -2). Let q(u) = u + 5. Give q(j).
15
Let n(v) be the third derivative of -v**6/360 - v**5/120 + 7*v**4/24 - 5*v**3/6 - 10*v**2. Let m(k) be the first derivative of n(k). Give m(0).
7
Let x(g) be the second derivative of 3*g**5/20 - g**4/12 - g**3/3 + g**2 + 143*g. What is x(2)?
18
Let u(n) be the third derivative of -7*n**5/60 + 8*n**2 - 5*n. What is u(1)?
-7
Let f(z) = -z + 7. Let t be 161/(-35) - (-2)/(-5). Let s be 68/(-85)*t*1. Calculate f(s).
3
Suppose 5*x - 13 = 7. Let g = 1 - 1. Suppose g*d = x*d. Let m(h) = h**3 - h**2 + h. Determine m(d).
0
Let b(s) = s**2 + s + 4. Let p(o) be the second derivative of -o**3/6 + 4*o. Let l(r) = -b(r) - 5*p(r). Determine l(5).
-9
Let j(r) = 5*r**2 + 2*r - 1. Let l = -1 - 3. Let x be -2 - (-3)/(-3)*l. Suppose u = 4*k, x*k + 2*k + 12 = 4*u. Calculate j(k).
6
Let g(u) = u**3 - 9*u**2 + 7*u + 55. Let v be g(7). Let p(x) = x - 1. Determine p(v).
5
Let q(z) = 2*z**2 - 15*z - 9. Suppose -2*i - 16 = -32. Determine q(i).
-1
Let q(k) be the first derivative of 4/3*k**3 + 21 - 5*k + 1/4*k**4 + 0*k**2. Calculate q(-4).
-5
Let w(h) = -h**3 - h**2 + h - 2. Let z(o) = -3*o**3 - 8*o**2 + 4*o - 4. Let y(c) = -4*w(c) + z(c). Give y(3).
-5
Let n(g) = -3*g + 3. Let d(a) = a - 1. Let q(j) = -10*d(j) - 5*n(j). Give q(2).
5
Let k(i) = -i**3 - 8*i**2 - 16*i + 3. Suppose -4235 + 4205 = 5*r. Calculate k(r).
27
Let a = -32 + 37. Suppose -11*o = -12*o - a. Let p(k) = -k**3 - 6*k**2 - 6*k + 7. What is p(o)?
12
Let q(t) = -4*t + 25. Let p(n) = -n + 7. Let g(i) = 3*p(i) - q(i). Give g(-8).
-12
Let l = 1 + 3. Let j(k) = -4*k**3 + 9*k**2 - 3*k - 2. Let t(r) = -r**3 + r**2 + r - 1. Let v(m) = j(m) - 3*t(m). Calculate v(l).
9
Let i(v) be the third derivative of -v**6/120 + v**5/20 + v**4/8 + v**3/2 - 2*v**2. Let y(j) = -j**2 - 19*j - 81. Let z be y(-12). Determine i(z).
12
Suppose 6*h - 2*h = 16. Let m be (-3)/(3*2/(-6)). Let g(b) = -2 + b**2 - 2 - 7*b + m + 2*b. Give g(h).
-5
Let f(c) = -c**2 + 7*c + 13. Let h be f(8). Suppose -3*l = 2*i + 2*i + 21, -i + h*l - 11 = 0. Let